nder when 39833 is divided by 74.
21
Calculate the remainder when 3527 is divided by 501.
20
What is the remainder when 57597 is divided by 447?
381
What is the remainder when 16197 is divided by 424?
85
What is the remainder when 8996 is divided by 896?
36
Calculate the remainder when 23283 is divided by 1455.
3
What is the remainder when 12289 is divided by 1024?
1
What is the remainder when 7629 is divided by 24?
21
Calculate the remainder when 3858 is divided by 156.
114
What is the remainder when 4110 is divided by 59?
39
What is the remainder when 158208 is divided by 1155?
1128
Calculate the remainder when 3709 is divided by 465.
454
What is the remainder when 393401 is divided by 2751?
8
What is the remainder when 6455 is divided by 127?
105
What is the remainder when 11965 is divided by 31?
30
Calculate the remainder when 14910 is divided by 746.
736
What is the remainder when 44542 is divided by 225?
217
Calculate the remainder when 63776 is divided by 68.
60
Calculate the remainder when 110201 is divided by 36674.
179
What is the remainder when 21293 is divided by 79?
42
Calculate the remainder when 2303 is divided by 2194.
109
Calculate the remainder when 364812 is divided by 605.
602
What is the remainder when 126 is divided by 37?
15
What is the remainder when 6764 is divided by 6748?
16
Calculate the remainder when 86389 is divided by 4319.
9
What is the remainder when 6081 is divided by 135?
6
Calculate the remainder when 185731 is divided by 307.
303
What is the remainder when 3704 is divided by 139?
90
Calculate the remainder when 2531 is divided by 419.
17
Calculate the remainder when 17990 is divided by 334.
288
Calculate the remainder when 119213 is divided by 111.
110
What is the remainder when 19794 is divided by 6597?
3
Calculate the remainder when 13243 is divided by 11.
10
Calculate the remainder when 151798 is divided by 18974.
6
What is the remainder when 85830 is divided by 17153?
65
Calculate the remainder when 5750 is divided by 59.
27
Calculate the remainder when 132415 is divided by 5757.
4
What is the remainder when 60968 is divided by 7?
5
Calculate the remainder when 10860 is divided by 99.
69
Calculate the remainder when 22228 is divided by 1389.
4
What is the remainder when 257151 is divided by 2?
1
Calculate the remainder when 37718 is divided by 484.
450
What is the remainder when 527148 is divided by 6936?
12
What is the remainder when 5094 is divided by 282?
18
Calculate the remainder when 13384 is divided by 1673.
0
What is the remainder when 14154 is divided by 1954?
476
Calculate the remainder when 49993 is divided by 55.
53
Calculate the remainder when 1587 is divided by 343.
215
Calculate the remainder when 3679 is divided by 3542.
137
Calculate the remainder when 4756 is divided by 35.
31
What is the remainder when 3480 is divided by 176?
136
What is the remainder when 11741 is divided by 2840?
381
Calculate the remainder when 395802 is divided by 39579.
12
Calculate the remainder when 181218 is divided by 820.
818
Calculate the remainder when 9092 is divided by 3009.
65
Calculate the remainder when 19756 is divided by 19.
15
What is the remainder when 12005 is divided by 5989?
27
What is the remainder when 3228 is divided by 8?
4
Calculate the remainder when 805342 is divided by 24.
22
What is the remainder when 2652 is divided by 58?
42
Calculate the remainder when 5520 is divided by 1344.
144
What is the remainder when 94532 is divided by 145?
137
Calculate the remainder when 11540 is divided by 78.
74
Calculate the remainder when 143114 is divided by 20443.
13
What is the remainder when 11646 is divided by 329?
131
What is the remainder when 1315236 is divided by 111?
108
Calculate the remainder when 149404 is divided by 184.
180
What is the remainder when 10970 is divided by 7?
1
What is the remainder when 120459 is divided by 65?
14
Calculate the remainder when 462312 is divided by 63.
18
What is the remainder when 8144 is divided by 510?
494
What is the remainder when 1219518 is divided by 7?
6
What is the remainder when 25185 is divided by 1143?
39
What is the remainder when 24003 is divided by 73?
59
What is the remainder when 54399 is divided by 13?
7
What is the remainder when 10511 is divided by 100?
11
Calculate the remainder when 471 is divided by 361.
110
What is the remainder when 3250 is divided by 558?
460
Calculate the remainder when 289811 is divided by 345.
11
What is the remainder when 18307 is divided by 394?
183
Calculate the remainder when 756 is divided by 77.
63
Calculate the remainder when 188813 is divided by 11106.
11
Calculate the remainder when 45827 is divided by 45773.
54
Calculate the remainder when 10620 is divided by 80.
60
What is the remainder when 49433 is divided by 25?
8
What is the remainder when 198479 is divided by 45?
29
Calculate the remainder when 29160 is divided by 39.
27
What is the remainder when 2179 is divided by 311?
2
Calculate the remainder when 13338 is divided by 2595.
363
Calculate the remainder when 9183 is divided by 4540.
103
Calculate the remainder when 6329 is divided by 701.
20
What is the remainder when 382 is divided by 320?
62
Calculate the remainder when 12830 is divided by 279.
275
Calculate the remainder when 942 is divided by 853.
89
What is the remainder when 33048 is divided by 234?
54
Calculate the remainder when 6141 is divided by 98.
65
What is the remainder when 1254015 is divided by 32?
31
Calculate the remainder when 29296 is divided by 7324.
0
Calculate the remainder when 3210 is divided by 1495.
220
Calculate the remainder when 23136 is divided by 540.
456
Calculate the remainder when 607 is divided by 426.
181
Calculate the remainder when 389 is divided by 199.
190
What is the remainder when 74230 is divided by 15?
10
What is the remainder when 1179314 is divided by 365?
364
What is the remainder when 3772 is divided by 475?
447
Calculate the remainder when 1233 is divided by 85.
43
Calculate the remainder when 80461 is divided by 188.
185
What is the remainder when 3550040 is divided by 11?
10
What is the remainder when 709379 is divided by 66?
11
What is the remainder when 145453 is divided by 24242?
1
What is the remainder when 1538835 is divided by 1303?
1295
What is the remainder when 440543 is divided by 334?
331
Calculate the remainder when 411 is divided by 3.
0
What is the remainder when 1729 is divided by 287?
7
Calculate the remainder when 181179 is divided by 235.
229
Calculate the remainder when 138720 is divided by 1261.
10
What is the remainder when 24620 is divided by 2734?
14
What is the remainder when 1231914 is divided by 185?
184
Calculate the remainder when 49472 is divided by 239.
238
Calculate the remainder when 956 is divided by 492.
464
What is the remainder when 2179685 is divided by 977?
975
What is the remainder when 1459 is divided by 227?
97
Calculate the remainder when 5243169 is divided by 121.
118
What is the remainder when 546 is divided by 545?
1
What is the remainder when 1008 is divided by 982?
26
What is the remainder when 195084 is divided by 6?
0
Calculate the remainder when 61967 is divided by 127.
118
What is the remainder when 663983 is divided by 226?
221
Calculate the remainder when 50323 is divided by 275.
273
What is the remainder when 1979 is divided by 275?
54
What is the remainder when 23849 is divided by 442?
423
What is the remainder when 10951 is divided by 20?
11
What is the remainder when 64947 is divided by 150?
147
Calculate the remainder when 30213 is divided by 204.
21
Calculate the remainder when 5325 is divided by 24.
21
What is the remainder when 201739 is divided by 131?
130
What is the remainder when 7465 is divided by 165?
40
What is the remainder when 14484 is divided by 12?
0
What is the remainder when 161497 is divided by 32?
25
What is the remainder when 484071 is divided by 6631?
8
What is the remainder when 17808 is divided by 8867?
74
Calculate the remainder when 822 is divided by 778.
44
What is the remainder when 18478 is divided by 330?
328
Calculate the remainder when 50944 is divided by 16959.
67
Calculate the remainder when 75802 is divided by 489.
7
What is the remainder when 2916 is divided by 405?
81
Calculate the remainder when 